of b(d)?
6
Let f(m) = m - 1. Let g(s) be the first derivative of -s**3/3 + 9*s**2/2 - 6*s - 2. Let y(x) = 6*f(x) - g(x). What is the tens digit of y(5)?
1
Suppose -7*j + 236 = -3768. What is the hundreds digit of j?
5
Let t be (6/4)/(33/308). Suppose -5*o - t = 16. What is the units digit of (-61)/o + 2/(-12)?
0
Let a(h) = h**2. Let w be a(-1). Suppose -4*q + w = -n - 3*q, -3*q = -n - 3. Suppose n = 5*u - v - 26 - 36, 2*v = 3*u - 33. What is the tens digit of u?
1
Suppose -5*n + 2*c - 3*c - 194 = 0, -5*c + 83 = -2*n. Let k = 63 - n. Suppose 3*d = 3*u - k, d + 66 = 2*u - 0*d. What is the units digit of u?
2
Suppose -46*s + 10704 = 2*s. What is the hundreds digit of s?
2
Let h = -18 + 4. Let m = -9 - h. Suppose -33 - m = -2*j. What is the units digit of j?
9
Let k = -47 + 48. Let x = -5 - -32. Let p = x - k. What is the tens digit of p?
2
Suppose 0 = 6*o - 3*o - 321. Suppose -2*j = -2*v - 226, -j - 2*v + o = -5*v. Suppose 0 = 2*m - c - 79, 2*m = -m - c + j. What is the tens digit of m?
3
Suppose 13 - 41 = -14*m. Suppose 0 = 3*h + m*h + 15, v = -4*h + 204. What is the units digit of v?
6
Let k(b) = -3*b - 3 + 5 - 4. Let v(r) = -4*r + 20. Let f be v(6). What is the tens digit of k(f)?
1
Let v(o) = 7*o**2 + 5*o + 10. Suppose 13 = -2*d + 3. What is the units digit of v(d)?
0
Suppose 5*z - 4*b = 15, 4*b = 2*z + 2*b - 8. Let f = 51 - z. Let p = 86 - f. What is the units digit of p?
4
Suppose -b + 255 = -4*z, -1380 = -9*b + 4*b - z. What is the units digit of b?
5
Let k be (7 - (-1 - -3)) + 2. Suppose -3*h + 33 = 5*m, 0 = 2*h + 4*m - 17 - k. What is the units digit of h?
6
Suppose 0 = 57*p - 52*p - 12305. What is the units digit of p?
1
Suppose 103*j = 91*j + 24. What is the units digit of j?
2
Let u be 776/(-10) + 10/(-25). Let z = 133 + u. Suppose q = z - 20. What is the units digit of q?
5
Let f = 350 - -351. What is the units digit of f?
1
Suppose 9 = 5*a + 4. Let i be 3 + (-15 - -3)*a. What is the units digit of (354/(-9))/(6/i)?
9
Let z be 3/(-5) - (-6)/10. What is the hundreds digit of 2 + z + -1 - -135?
1
Suppose y - 12 - 14 = 0. Let u = y - 12. Suppose u = a + a. What is the units digit of a?
7
Suppose -v - m + 1782 = 0, -3*v - 3*m + 5338 = -4*m. What is the units digit of v?
0
Let r(a) = -3*a - 3. Let v be r(-4). What is the units digit of (v/(-2))/(18/(-192))?
8
Suppose -3*b - 34 = 4*p, 6*p - 4 = 4*b + p. What is the hundreds digit of 1097/6 + (-1)/b?
1
Let a(d) = d**2 + 7*d + 8. Let i be a(-6). Suppose 0*z - z = 0, 256 = 4*s + i*z. What is the tens digit of s?
6
Suppose 13*y = -93 + 158. Let q(j) = 5*j**2 - 1. Let g be q(-1). Suppose 4*u + 40 = 3*k, y*k - u = g*u + 75. What is the units digit of k?
0
Suppose 21 = -4*m + 5*h - 47, 5*h = -5*m - 40. Let z be 1/(-1)*-1*27. Let q = z + m. What is the tens digit of q?
1
Let n(p) = p**2 - 7*p - 9. Let z be n(8). Let u = z + 5. Suppose -6 = -6*x + u*x - 5*i, 4*x = -4*i + 24. What is the units digit of x?
8
Let v = 4070 - -1896. What is the tens digit of v?
6
Let s = 86 - 86. Suppose s = 4*k - 0*k - 720. What is the hundreds digit of k?
1
Let p = 8 - 8. Suppose 2*j - b = -p*b + 100, -j + 5*b = -41. What is the units digit of j?
1
Let p(b) = -169*b - 31. What is the hundreds digit of p(-7)?
1
Suppose 0*x + h - 1 = -x, -3*x = -2*h - 8. Suppose -64 = -x*z + 40. What is the tens digit of z?
5
Let s(d) = d**3 - 14*d**2 + 7*d - 57. Let j be s(14). Let t = j + 42. What is the tens digit of t?
8
Let m(z) = -z**3 + 4*z**2 - z - 1. Let q be m(3). Let p(b) = -3*b - 18. Let j(s) = s + 9. Let f(o) = q*j(o) + 2*p(o). What is the tens digit of f(-5)?
1
Suppose -1097 = 5*y + 943. Let d be (2/(-4))/((-6)/y). Let z = -14 - d. What is the units digit of z?
0
Let o = -867 - -1528. What is the units digit of o?
1
Let h be (-4)/(-10)*(7 - 2). Let s be h - (-3 + 3) - -1. Suppose s*y + 2*y - 60 = 0. What is the tens digit of y?
1
Let n(a) = a**2 + 3*a + 7. Suppose -3*c + 0*c - 2*k = 37, -5*c + k - 40 = 0. Let i be c/(-36) - 21/4. What is the units digit of n(i)?
7
Let u be (2 + -1)*(1 - -24). Suppose -17 = -m + u. What is the units digit of m?
2
What is the hundreds digit of 1*474/(2*(-3)/(-8))?
6
Suppose 3*b = -b. Suppose 2*p - 5*p = b. Suppose d + p*d - 17 = 0. What is the tens digit of d?
1
Suppose 2*q - 12 + 4 = 0. Let t(a) = a**2 + 3*a. Let l be t(q). Suppose -10 = -5*g, 39 = 3*v + 2*g - l. What is the tens digit of v?
2
Suppose 172 = 4*r - 3*i, 0 = -2*r - i - 0*i + 86. What is the tens digit of r?
4
Let a be -3*(-2)/4*2. Suppose 0 = f - a*f + 4*o + 2, 5*f + 4*o = -9. What is the tens digit of (11/(-2))/(f/2)?
1
Let o(a) = -2*a**2 - 32*a - 13. Let y be o(-14). Let q(b) = -b**3 + 2*b + 4. Let k be q(3). Let d = y + k. What is the tens digit of d?
2
Let p be ((-96)/(-4) - 3) + 3. Let g = p - 9. Suppose 0*w + w = g. What is the tens digit of w?
1
Let y = 644 + 6. What is the units digit of y?
0
What is the units digit of (-407)/(-44)*8 + (1 - 1)?
4
Suppose -27 = -2*a - 5*u, -5*a + 2*a + 50 = -2*u. Suppose -17*i + 55 = -a*i. What is the tens digit of i?
5
Let w(b) = -b**2 - 10*b + 5. Let v(q) = -q + 3. Let m be v(0). Suppose 3*y = -2*g - 1, m*y + 11 = -2*g + 2*y. What is the tens digit of w(g)?
2
Let n = 13 + -11. Let q = n - -8. Suppose -3*m - 5*o = q, m - 3*o = 5*m - 5. What is the units digit of m?
5
What is the tens digit of ((-8024)/10)/(12/(-30))?
0
What is the tens digit of -6*(-6)/(-18)*-230?
6
Suppose 37*i + 158 = 39*i. What is the units digit of i?
9
Let r(g) = 6*g**2 + 28*g - 60. What is the hundreds digit of r(13)?
3
Suppose -3*l = -1 - 23. Let a be 0 - 48/(4 - l). What is the units digit of (-3)/a - (-580)/16?
6
Let f = 280 - 58. What is the units digit of f?
2
Let k be (4 - 5)*1 - 9. Let g = k + 17. Let p = g + -5. What is the units digit of p?
2
Suppose -34*a + 29*a + 30 = 0. Suppose 4*l = -a*l + 2040. What is the units digit of l?
4
Suppose -813 = -3*v - 3*f + 9, -4*f = 0. What is the units digit of v?
4
Suppose g - 6780 = -5*t, -3890 = -3*t + g + 186. What is the units digit of t?
7
Let a = 1050 + -715. What is the tens digit of a?
3
Suppose 3*p - 30 = -2*p. Let r = p - -8. What is the tens digit of r/(1 + 9/(-15))?
3
Let a(l) = -l**3 + 12*l**2 + 2. Let j be a(12). Let n(g) = 2*g**j - 7 + 11 + 10*g - 9 - 11. What is the units digit of n(-9)?
6
Let l = 624 + 81. What is the units digit of l?
5
Let g = 36 + -34. Suppose -5*k - 6*z + 547 = -g*z, 4*z + 523 = 5*k. What is the units digit of k?
7
Suppose -2*n = -2*v + 71 - 13, n = 3. Suppose -l - 4*f + 22 = 0, -l - 5 = 3*f - v. What is the tens digit of l?
4
Suppose -4*k + 0*k = -24. What is the tens digit of ((-2)/(-6))/(k/324)?
1
Let f be (-1 - -1)/(-2*1). Suppose 3*j - 3 - 48 = f. Suppose 4*g - j - 3 = 0. What is the units digit of g?
5
Let q = 60 + -63. What is the units digit of (-6 - q - 12)*38/(-3)?
0
Let q(f) = 7*f - 5*f + 23 + 0*f. Let n be q(-9). Suppose 0 = -5*v + n*d + 225, d = -2*v + 53 + 40. What is the tens digit of v?
4
Suppose 3*u + 17 = -0*u - 4*s, -s - 1 = 4*u. Let m(f) = 4 + 4*f + u + 8 - 12. What is the units digit of m(1)?
5
Suppose 0*z - 8*z + 368 = 0. Let s be 18/(-4)*8/(-3). Let x = z - s. What is the tens digit of x?
3
What is the units digit of (-55)/(-44) - 145602/(-24)?
8
Let v(r) = r**2 - 5*r - 21. What is the tens digit of v(9)?
1
Suppose 38 = -4*h - 10. Let r be (18/(-15))/(h/40). Suppose 2*t - 74 + r = 0. What is the tens digit of t?
3
Let d be 6/10 - 108/(-20). Let a = -21 - d. Let l = 75 + a. What is the tens digit of l?
4
Suppose 79*f - 80*f = -219. What is the tens digit of f?
1
Let u = 59 - 49. What is the tens digit of (1312/u)/2 - (-6)/15?
6
Suppose 7*g - 1401 - 916 = 0. What is the tens digit of g?
3
Let a(c) = 2*c**2 + 7*c - 1. Let q be a(-4). Suppose 3*o = 5*k - 496, 0*o - 6 = q*o. What is the units digit of k?
8
Let l(u) = 9 + 8 + u + 2 + 21. What is the units digit of l(7)?
7
Suppose -71*n - 22680 = -116*n. What is the tens digit of n?
0
Let n(m) = m + 1. Let b(k) = 25. Let l(h) = b(h) - 5*n(h). Let r be 2*3/(-6) - 5. What is the tens digit of l(r)?
5
Let g = 84 + -133. Suppose -r - 4*n = 10, 0 = -5*r + 4*n + 14 - 88. What is the units digit of r/g + (-360)/(-14)?
6
Let p(c) = -2*c**3 + 2*c + 2. Let a(v) = -2*v - 13. Let o be a(-8). Let d be p(o). Let l = d - -83. What is the tens digit of l?
3
Let j(t) = -31*t*